79, 249911
List the prime factors of 46147348.
2, 13, 887449
List the prime factors of 1564388036.
2, 391097009
List the prime factors of 73739313.
3, 8193257
List the prime factors of 2243833940.
2, 5, 31, 197, 18371
What are the prime factors of 53271943?
53, 1005131
What are the prime factors of 1246130606?
2, 7, 89009329
List the prime factors of 211075393.
23, 67, 136973
What are the prime factors of 130769874?
2, 3, 29, 479, 523
List the prime factors of 18430766.
2, 233, 39551
List the prime factors of 171621246.
2, 3, 29, 223, 4423
What are the prime factors of 23068095?
3, 5, 269, 5717
List the prime factors of 24499331.
31, 71, 11131
List the prime factors of 2794461845.
5, 7, 47, 83, 97, 211
List the prime factors of 635676127.
461, 1378907
What are the prime factors of 3318105468?
2, 3, 233, 797, 1489
List the prime factors of 118751371.
118751371
List the prime factors of 5884374525.
3, 5, 78458327
What are the prime factors of 4096315860?
2, 3, 5, 7, 13, 269, 2789
What are the prime factors of 5037027653?
7, 31, 41, 566149
What are the prime factors of 109833966?
2, 3, 11, 113, 4909
List the prime factors of 13515652.
2, 3378913
List the prime factors of 267138580.
2, 5, 1061, 12589
List the prime factors of 107895675.
3, 5, 1438609
List the prime factors of 393552931.
23, 53, 322849
What are the prime factors of 1242595245?
3, 5, 739, 112097
List the prime factors of 22703658.
2, 3, 3783943
What are the prime factors of 14753267?
107, 173, 797
List the prime factors of 5461125056.
2, 409, 208631
List the prime factors of 53796526.
2, 7, 43, 89363
List the prime factors of 49908438.
2, 3, 107, 25913
List the prime factors of 33578049.
3, 11192683
List the prime factors of 20597952.
2, 3, 71, 1511
List the prime factors of 606833494.
2, 31, 2099, 4663
List the prime factors of 1273537805.
5, 254707561
List the prime factors of 2071097921.
83, 24952987
What are the prime factors of 298123505?
5, 41, 1454261
What are the prime factors of 1187754151?
1187754151
What are the prime factors of 280992401?
31, 43, 277, 761
List the prime factors of 558890430.
2, 3, 5, 7, 307, 8669
List the prime factors of 1875453109.
743, 2524163
List the prime factors of 89924059.
89924059
List the prime factors of 1438286107.
1438286107
List the prime factors of 49060046.
2, 7, 3504289
List the prime factors of 822221362.
2, 337, 1219913
What are the prime factors of 3057890931?
3, 8681, 39139
List the prime factors of 843964160.
2, 5, 13, 67, 757
What are the prime factors of 11704641?
3, 13, 300119
What are the prime factors of 778817171?
11, 97, 729913
What are the prime factors of 280633810?
2, 5, 23, 1220147
List the prime factors of 2668972011.
3, 889657337
List the prime factors of 7317148.
2, 47, 38921
What are the prime factors of 1071858142?
2, 535929071
List the prime factors of 10611128.
2, 11, 17, 41, 173
What are the prime factors of 70551813?
3, 89, 139, 1901
What are the prime factors of 94892475?
3, 5, 1265233
List the prime factors of 125794167.
3, 3761, 11149
What are the prime factors of 143545298?
2, 13, 163, 33871
List the prime factors of 8031664767.
3, 7, 167, 2290181
List the prime factors of 39832821.
3, 7, 632267
List the prime factors of 130726035.
3, 5, 11, 47, 1873
List the prime factors of 5211788941.
37423, 139267
List the prime factors of 215692978.
2, 19, 31, 283, 647
What are the prime factors of 12784755?
3, 5, 199, 4283
What are the prime factors of 830356230?
2, 3, 5, 11, 43, 163, 359
What are the prime factors of 45535573?
45535573
What are the prime factors of 987893291?
7, 11, 103, 124561
What are the prime factors of 48944083?
29, 151, 11177
What are the prime factors of 677504181?
3, 10957, 20611
List the prime factors of 2198125159.
2198125159
What are the prime factors of 286572370?
2, 5, 7, 31, 41, 3221
What are the prime factors of 4206262?
2, 863, 2437
What are the prime factors of 196678372?
2, 11, 17, 15467
What are the prime factors of 121603719?
3, 37, 1095529
List the prime factors of 698284476.
2, 3, 79, 27281
List the prime factors of 653774502.
2, 3, 3061, 35597
What are the prime factors of 508417546?
2, 7, 13, 31, 97, 929
List the prime factors of 55753427.
89, 626443
What are the prime factors of 2898227463?
3, 359, 2691019
What are the prime factors of 497942596?
2, 37, 71, 47387
List the prime factors of 217741146.
2, 3, 7, 191, 27143
What are the prime factors of 278445650?
2, 5, 7, 137, 5807
List the prime factors of 21594911.
13, 101, 16447
List the prime factors of 184979912.
2, 13, 157, 11329
List the prime factors of 37866913.
7, 47, 179, 643
What are the prime factors of 155029194?
2, 3, 2870911
What are the prime factors of 44261808?
2, 3, 67, 13763
What are the prime factors of 148791962?
2, 11, 349, 19379
What are the prime factors of 29076286?
2, 14538143
What are the prime factors of 18460090?
2, 5, 11, 283, 593
List the prime factors of 617870.
2, 5, 11, 41, 137
List the prime factors of 211789105.
5, 11, 19, 389, 521
List the prime factors of 41257107.
3, 59, 89, 97
List the prime factors of 164157558.
2, 3, 47, 582119
List the prime factors of 113209066.
2, 56604533
What are the prime factors of 447489457?
41, 10914377
List the prime factors of 1422432052.
2, 355608013
What are the prime factors of 33750955?
5, 7, 347, 397
What are the prime factors of 829413825?
3, 5, 11058851
List the prime factors of 923678711.
19, 223, 218003
List the prime factors of 41491153.
11, 3771923
What are the prime factors of 101305102?
2, 50652551
List the prime factors of 23276481.
3, 79, 98213
What are the prime factors of 1954454170?
2, 5, 251, 778667
List the prime factors of 2541584958.
2, 3, 11, 38508863
List the prime factors of 1358348998.
2, 397, 1710767
List the prime factors of 47509643.
179, 265417
What are the prime factors of 8936226327?
3, 7, 425534587
List the prime factors of 91352835.
3, 5, 7, 79, 3671
List the prime factors of 8960894425.
5, 7, 103, 497137
What are the prime factors of 74038437?
3, 11, 747863
What are the prime factors of 28537375?
5, 228299
What are the prime factors of 421682572?
2, 105420643
List the prime factors of 20609396.
2, 97, 53117
List the prime factors of 1663440101.
19, 83, 1054813
List the prime factors of 653180629.
653180629
List the prime factors of 5962203747.
3, 220822361
List the prime factors of 264074646.
2, 3, 11, 307, 13033
List the prime factors of 8263494591.
3, 11, 250408927
List the prime factors of 1173444906.
2, 3, 241, 811511
List the prime factors of 104844316.
2, 26211079
List the prime factors of 2483423616.
2, 3, 6467249
What are the prime factors of 4988713607?
43781, 113947
List the prime factors of 381218301.
3, 42357589
What are the prime factors of 214431458?
2, 6343, 16903
What are the prime factors of 38930301?
3, 160207
What are the prime factors of 135889984?
2, 2123281
What are the prime factors of 804145682?
2, 402072841
List the prime factors of 332271412.
2, 11, 173, 43651
What are the prime factors of 66466972?
2, 11, 13, 116201
List the prime factors of 3329640480.
2, 3, 5, 6936751
List the prime factors of 115090478.
2, 57545239
List the prime factors of 72648740.
2, 5, 433, 8389
What are the prime factors of 1417013107?
113, 12539939
What are the prime factors of 47636877?
3, 53, 299603
List the prime factors of 1406461312.
2, 10987979
What are the prime factors of 37422910?
2, 5, 7, 37, 14449
What are the prime factors of 282479579?
1061, 266239
List the prime factors of 375331538.
2, 257, 730217
What are the prime factors of 7001877240?
2, 3, 5, 19449659
List the prime factors of 151757517.
3, 50585839
List the prime factors of 10516195.
5, 2103239
What are the prime factors of 226778378?
2, 1553, 73013
What are the prime factors of 565858947?
3, 188619649
What are the prime factors of 535588112?
2, 19, 593, 2971
What are the prime factors of 54826671?
3, 2039, 8963
List the prime factors of 2710544808.
2, 3, 112939367
List the prime factors of 628915.
5, 7, 17, 151
What are the prime factors of 294317153?
13, 241, 93941
What are the prime factors of 13164442?
2, 6582221
What are the prime factors of 2646609548?
2, 11, 60150217
What are the prime factors of 457180160?
2, 5, 89293
List the prime factors